003.
209
Calculate the remainder when 686113 is divided by 343041.
31
What is the remainder when 4438 is divided by 928?
726
What is the remainder when 21841872 is divided by 495?
492
What is the remainder when 12978850 is divided by 4632?
4618
Calculate the remainder when 4604773 is divided by 657823.
12
What is the remainder when 53116 is divided by 3872?
2780
What is the remainder when 74412826 is divided by 71?
69
Calculate the remainder when 34198862 is divided by 2748.
2
Calculate the remainder when 23151325 is divided by 9187.
85
What is the remainder when 1129619 is divided by 26?
23
What is the remainder when 149735 is divided by 149068?
667
Calculate the remainder when 48094630 is divided by 32235.
10
What is the remainder when 456613 is divided by 72?
61
Calculate the remainder when 3589213 is divided by 551.
550
What is the remainder when 1439087 is divided by 3062?
3009
What is the remainder when 11500260 is divided by 1409?
2
What is the remainder when 111558 is divided by 22295?
83
What is the remainder when 557746332 is divided by 2404079?
4
What is the remainder when 18872098 is divided by 993264?
82
What is the remainder when 1402976 is divided by 1186?
1124
What is the remainder when 230465 is divided by 2091?
455
Calculate the remainder when 80980 is divided by 1480.
1060
What is the remainder when 94034 is divided by 15?
14
What is the remainder when 82149 is divided by 11589?
1026
Calculate the remainder when 259996 is divided by 31122.
11020
What is the remainder when 65894219 is divided by 1938065?
9
What is the remainder when 2112259 is divided by 20708?
43
Calculate the remainder when 27369 is divided by 8952.
513
Calculate the remainder when 1171624 is divided by 841.
111
What is the remainder when 15581443 is divided by 30?
13
What is the remainder when 131297 is divided by 1538?
567
Calculate the remainder when 4721 is divided by 126.
59
Calculate the remainder when 3850 is divided by 2632.
1218
What is the remainder when 23426782 is divided by 1378046?
0
What is the remainder when 7572483 is divided by 152?
147
Calculate the remainder when 6015923 is divided by 3007957.
9
Calculate the remainder when 3392837 is divided by 1831.
1825
Calculate the remainder when 494365 is divided by 575.
440
What is the remainder when 1369613 is divided by 80562?
59
What is the remainder when 152222 is divided by 12679?
74
Calculate the remainder when 16076 is divided by 165.
71
Calculate the remainder when 250396 is divided by 7824.
28
What is the remainder when 6516886 is divided by 1827?
1804
Calculate the remainder when 54137751 is divided by 27068869.
13
Calculate the remainder when 5524570 is divided by 599.
592
What is the remainder when 346324 is divided by 346303?
21
What is the remainder when 52951044 is divided by 52?
16
What is the remainder when 20549316 is divided by 10274656?
4
What is the remainder when 374642 is divided by 3258?
3230
Calculate the remainder when 216470 is divided by 12025.
20
Calculate the remainder when 25274137 is divided by 745.
12
What is the remainder when 30214 is divided by 3922?
2760
Calculate the remainder when 33956880 is divided by 3748.
0
What is the remainder when 927446 is divided by 2810?
146
What is the remainder when 11090958 is divided by 128?
14
What is the remainder when 326876 is divided by 108889?
209
Calculate the remainder when 428908451 is divided by 21.
20
Calculate the remainder when 76901 is divided by 7575.
1151
What is the remainder when 713218 is divided by 713080?
138
What is the remainder when 14795519 is divided by 206?
187
What is the remainder when 61471319 is divided by 79?
76
What is the remainder when 25392264 is divided by 237?
84
What is the remainder when 298901 is divided by 298896?
5
What is the remainder when 674312 is divided by 1779?
71
Calculate the remainder when 14877983 is divided by 835.
788
Calculate the remainder when 13357333 is divided by 874.
865
What is the remainder when 20224 is divided by 20098?
126
What is the remainder when 23569316 is divided by 111176?
4
What is the remainder when 575407 is divided by 5695?
212
Calculate the remainder when 860636 is divided by 1357.
298
Calculate the remainder when 8871114 is divided by 2956960.
234
Calculate the remainder when 773094 is divided by 128849.
0
What is the remainder when 15447 is divided by 12895?
2552
Calculate the remainder when 13137642 is divided by 13.
11
Calculate the remainder when 9919439 is divided by 13951.
278
What is the remainder when 1368909 is divided by 57?
54
What is the remainder when 12002458 is divided by 5567?
6
What is the remainder when 2638942 is divided by 1071?
1069
What is the remainder when 39059879 is divided by 3485?
3484
What is the remainder when 5660245 is divided by 145?
25
Calculate the remainder when 27954575 is divided by 461.
457
Calculate the remainder when 1577235 is divided by 412.
99
What is the remainder when 2121545 is divided by 141?
59
What is the remainder when 68049 is divided by 1686?
609
Calculate the remainder when 45894604 is divided by 3501.
3496
What is the remainder when 131785538 is divided by 2259?
2255
What is the remainder when 45210 is divided by 108?
66
What is the remainder when 39569 is divided by 35250?
4319
Calculate the remainder when 164103014 is divided by 54701001.
11
Calculate the remainder when 23272865 is divided by 1432.
1
What is the remainder when 27973 is divided by 9055?
808
Calculate the remainder when 13871197 is divided by 390.
67
What is the remainder when 1281225 is divided by 1134?
939
What is the remainder when 132376179 is divided by 8216?
8203
What is the remainder when 2227226 is divided by 37?
11
What is the remainder when 6557247 is divided by 442?
177
What is the remainder when 3530076 is divided by 705923?
461
Calculate the remainder when 23364875 is divided by 88.
83
What is the remainder when 1022837 is divided by 511386?
65
What is the remainder when 1510414 is divided by 944?
14
Calculate the remainder when 1531446 is divided by 768.
54
What is the remainder when 8757229 is divided by 60?
49
Calculate the remainder when 729874 is divided by 521.
474
What is the remainder when 1190073 is divided by 2549?
2239
Calculate the remainder when 674771 is divided by 13230.
41
What is the remainder when 3159153 is divided by 42?
39
What is the remainder when 22235917 is divided by 426?
421
What is the remainder when 28402411 is divided by 39?
37
Calculate the remainder when 926329 is divided by 92632.
9
What is the remainder when 9602779 is divided by 585?
4
Calculate the remainder when 694599 is divided by 3902.
43
What is the remainder when 2368326 is divided by 6786?
12
What is the remainder when 812105 is divided by 1458?
1457
What is the remainder when 197890910 is divided by 32?
30
What is the remainder when 335703 is divided by 4120?
1983
Calculate the remainder when 4470290 is divided by 649.
627
Calculate the remainder when 264427 is divided by 132035.
357
What is the remainder when 640637 is divided by 160097?
249
Calculate the remainder when 368628 is divided by 38.
28
What is the remainder when 41265 is divided by 516?
501
What is the remainder when 2539012 is divided by 2583?
2506
Calculate the remainder when 2564472 is divided by 233132.
20
Calculate the remainder when 370065904 is divided by 185032947.
10
Calculate the remainder when 7305 is divided by 385.
375
Calculate the remainder when 157854 is divided by 1349.
21
Calculate the remainder when 1189 is divided by 472.
245
What is the remainder when 54113467 is divided by 14?
9
What is the remainder when 8880524 is divided by 8880312?
212
What is the remainder when 909359 is divided by 30310?
59
What is the remainder when 424354 is divided by 7161?
1855
Calculate the remainder when 12892941 is divided by 920.
61
Calculate the remainder when 44208575 is divided by 3243.
3242
What is the remainder when 27308 is divided by 4165?
2318
Calculate the remainder when 559647 is divided by 139847.
259
Calculate the remainder when 10407 is divided by 328.
239
What is the remainder when 847667 is divided by 24219?
2
Calculate the remainder when 1136 is divided by 816.
320
Calculate the remainder when 198389787 is divided by 132.
123
What is the